(1).
8
Let n(a) = a**3 - 6*a**2 + 7*a - 3. Let w(h) = -2*h + 1. Let p be w(-2). Calculate n(p).
7
Let g(f) = -f + 1. Let d be g(-2). Let n(l) = 8*l**3 + 3*l**2 - 5*l**3 + 3*l - l**d. Give n(-2).
-10
Let g = 3 - 4. Let d(k) be the first derivative of 5*k**3/3 - k**2 - k - 44. Calculate d(g).
6
Let f(n) = n**3 + 5*n**2 + 6*n + 7. Let r(q) = 2*q**3 + 11*q**2 + 13*q + 13. Let c(k) = 5*f(k) - 3*r(k). Give c(-7).
10
Let o be (9/(-6))/(6/(-16)). Let p = 2 + o. Let g(u) = -u**3 + 6*u**2 + 2*u - 8. Give g(p).
4
Let v(a) = a**2 + 6*a - 9. Let q(m) = -m**3 - 10*m**2 - 7. Let w be ((-2)/4)/((-2)/(-40)). Let z be q(w). Calculate v(z).
-2
Let m(r) = -2 + r**2 + r + 3 + 5 - 1. Calculate m(0).
5
Suppose 3*m = -m + 12, 7 = -2*t + 3*m. Let k = t - -3. Let h(f) = k*f**2 - f - 3 + 0*f**2 - 3*f**2. Determine h(-3).
9
Let z(p) = -21 + p**3 + 27 - p - 6*p**2 + 2*p**2 + 3*p**2. Calculate z(0).
6
Let s(k) be the third derivative of -k**7/5040 - k**6/180 - k**5/30 + 2*k**2. Let n(u) be the third derivative of s(u). Give n(-3).
-1
Suppose 0 = -5*k + k + k. Let q(d) = -d**2 + 24. Give q(k).
24
Let t(v) = -v**3 - 7*v**2 - v - 5. Let a = -22 + 15. Let l be t(a). Let q(b) = 2*b**3 - 5*b**3 + 2*b + b**3 - l*b**2 + 2. What is q(-2)?
6
Let h(q) = -q**3 - q**2 - q. Let d(a) = -4*a**3 - 4*a**2 - 4*a - 1. Let i(t) = -d(t) + 6*h(t). What is i(-2)?
13
Let w(f) = -3*f + 4. Suppose -2*o + i + 3 = -4, 5*o = -i + 14. Let l be (-2)/(4 - o) + 5. Calculate w(l).
-5
Let a = 8 - 2. Let l(d) = d**2 - 6*d + 5. Give l(a).
5
Let o = -1 + 3. Let q(s) = -6*s - 2*s + o*s + 2*s - 8 + s**2. Let v be q(6). Let h(b) = b**2 - 6*b + 5. Give h(v).
-3
Let y(i) = -i**3 - 7*i**2 + 6*i - 11. Suppose -64 = -9*c + 17*c. Calculate y(c).
5
Let k(a) = -2 - 1 - a**2 - 5*a - 8 + 5. Determine k(-6).
-12
Let z(d) = -d**3 - 2*d**2 + 3*d - 3. Suppose u - 9 = -2*u. Suppose 2*w = 5*i - 8, -2*i + 24 - 4 = 2*w. Suppose -u*t + 5*t = -w. What is z(t)?
-3
Let a(o) = -o**2 + 6*o - 5. Suppose -2*k = -5*j - 9, -3*k - 4*j = -3*j - 22. Determine a(k).
-12
Let g(x) = x**3 - 7*x**2 - 5*x - 19. Let l be g(8). Let w(v) = v**3 - 6*v**2 + 4*v - 4. Determine w(l).
-9
Let u(o) = o + 1. Let k be u(3). Let x be (-1)/k - 565/(-20). Let z(c) = 27*c - 1 + 4 - x*c. What is z(-4)?
7
Let q(c) = -2*c + 6. Let n be q(5). Let d(r) = -r**2 - 5*r. Calculate d(n).
4
Let k be 59/4 + (-2)/(-8). Suppose 2*o - p + 3 = 0, o + 2*p + k = -2*o. Let y(n) = 2*n**2 + 2*n - 3. Calculate y(o).
9
Let s(x) = x + 5. Let o be (-4)/30 - (-219)/(-45). What is s(o)?
0
Let r(p) = p - 6. Let i be ((-1)/(-2))/((-3)/(-18)). Suppose -i*d + 5*d = 10. What is r(d)?
-1
Let f(v) = -v**3 - 5*v**2 + 9*v + 1. Let q be f(-7). Suppose -p - 3*r = 11, -5*r - q - 9 = -5*p. Let y(h) = h - 1. Determine y(p).
3
Let a(x) = 16*x - 6. Let p(z) = -17*z + 6. Let c(d) = 7*a(d) + 6*p(d). Let q(f) = -f + 1. Let b(t) = c(t) + 5*q(t). Calculate b(1).
4
Let h(w) = -4*w - 3. Let o = 74 - 71. Determine h(o).
-15
Let m be 0 + (0 + 6/(-5))*-5. Let i(x) = 4*x**2 - 7*x + 5. Let l(r) = -r**2 - 1. Let z(c) = i(c) + 3*l(c). Determine z(m).
-4
Let o(l) = -3*l - 3*l**2 + 3*l + 3*l - 2 + l**3. Give o(2).
0
Suppose 0 = 4*u - 0*j + j - 17, 2*u + j - 11 = 0. Let g(v) = -3 - v**2 - v**3 + 2*v**u + 4*v - 2*v**3 + 2. Determine g(-3).
5
Let s(o) = 4*o**2 - 2*o + 3. Suppose -5*g + 18 = 2*u, -2*u - u + 4 = -4*g. Give s(g).
15
Let o(g) = -4*g - 5*g + 7*g. Give o(-4).
8
Let q(x) = -x**3 + 2*x**2. Suppose 0 = 4*h - 8, -3*n - n + 3*h = 6. Suppose 3 = -n*t + t. Determine q(t).
-9
Suppose 0 = 4*l - 4 - 0. Let c(u) be the third derivative of u**4/2 - u**2. Determine c(l).
12
Let n(d) = 183*d + 0 - 188*d - 1. Let x = 3 + -5. Determine n(x).
9
Let p(c) = -8*c - 1. Let o(k) = k**2 - 5*k - 6. Let s be o(6). Suppose 0 = 5*t - 7*t + 2. Let l = t + s. Calculate p(l).
-9
Let d(k) = k**2 + 10*k - 14. Let t be d(-11). Let q(n) be the first derivative of n**3/3 + n**2 + 2*n + 4. Calculate q(t).
5
Suppose -5*d = 2*x + 7, -x + 4*d = 2*d - 1. Let q(m) = m**2 + m. Let l(a) = a**2 + 7*a + 1. Let o(y) = x*l(y) + 6*q(y). Determine o(-1).
5
Suppose 10 = -4*t - 14. Let j be (-5)/2 + 3/t. Let h(k) = -k - k + 4 + k. What is h(j)?
7
Let o(c) = -c - 12. Suppose 0 = -3*f - w + 4*w + 12, -5*f = 3*w - 20. Suppose f*n + 9 + 15 = 0. Determine o(n).
-6
Let z(k) = -k**3 + 2*k**2 + 2*k + 4. Let r = -83 - -86. Calculate z(r).
1
Let n(p) be the second derivative of -p**2/2 - 8*p. Let w(j) be the third derivative of -j**4/6 + j**3/6 + j**2. Let b(z) = n(z) + w(z). Determine b(3).
-12
Let h(o) = 3*o**2 - 3*o - o**2 + 0*o**2 + 3 + o**3. Give h(-3).
3
Let n(a) = -a**2 + 2. Let z be n(0). Let q(r) be the third derivative of 0 - 7/6*r**3 + 0*r + 1/60*r**5 - 1/8*r**4 - 2*r**z. Determine q(5).
3
Suppose 0 = -z - 4, -2*z - 2*z = c + 10. Let t(g) be the first derivative of g**3/3 - 7*g**2/2 + 9*g + 2. Give t(c).
3
Let x(a) = 4*a**2 - 2*a + 1. Let w(n) = -3*n**2 + 2*n. Let r(b) = 5*w(b) + 4*x(b). Determine r(-3).
7
Let r be (-2 + -2 + 4)/(-2). Let q(j) = -7*j**2 + j + 3. Let h(u) = 15*u**2 - 2*u - 7. Let p(d) = -6*h(d) - 13*q(d). Determine p(r).
3
Let l be (-3*2)/(0 + 4 + -7). Let u(w) be the second derivative of 1/2*w**l - 2*w + 0*w**3 - 1/6*w**4 + 0 + 1/5*w**5. What is u(-1)?
-5
Let o(w) = w + 2. Let y be o(-6). Let d(a) be the first derivative of -1/3*a**3 + 4 - 2*a**2 - 6*a. Calculate d(y).
-6
Let a(n) be the third derivative of n**7/2520 + 7*n**6/720 + n**5/15 + n**4/8 + 3*n**2. Let y(f) be the second derivative of a(f). Determine y(-6).
2
Let v(h) be the first derivative of 1/2*h**4 - 5 + 2/3*h**3 + 3/2*h**2 + 3*h. What is v(-2)?
-11
Let v(a) = -7*a**3 + 5*a**2 + 6*a + 9. Let r(m) = -4*m**3 + 3*m**2 + 3*m + 5. Let g(l) = 5*r(l) - 3*v(l). What is g(-2)?
-4
Let f(r) = 8*r**2. Let h = 59 + -60. Calculate f(h).
8
Let v(j) be the second derivative of 2*j**4/3 - j**2/2 - 2*j. Let z be 6/(-8) - 14/(-8). Give v(z).
7
Let t be 2*1*(-14)/(-4). Let p(a) = 2*a - 5. Let j be p(t). Suppose 3*m - j = -21. Let q(l) = 2*l + 6. Give q(m).
-2
Let n be (-2)/3 - 11/(-3). Let s(m) = 0*m**3 + 2*m + 9 + m**n - 7 - 4*m**2. Suppose -3 = -2*b - 3*b - 3*a, -2*a = 5*b - 7. Give s(b).
-1
Let h(x) = -7*x**3 + 2*x**2 - 2*x + 1. Suppose -4*u + 4*n = -4, -4*u = -0*n - 3*n - 4. Suppose -2 - u = -3*v. Give h(v).
-6
Let z(i) = -i + 1. Suppose 0 = 5*g - 5, 0 = -3*x + 3*g - 4 + 10. Let p = -3 - x. Let q = p - -4. Calculate z(q).
3
Let h(y) = -y**2 + 1. Let v(o) = 6*o**2 + 7*o + 2. Let c(a) = 5*h(a) + v(a). Let r = -3 + -2. Give c(r).
-3
Let d(f) = 4*f - 2. Let y(n) = n - 3. Let s(g) = 2*g - 3. Let w be 2/(-12) + 51/(-18). Let k(o) = w*y(o) + 4*s(o). Let l(j) = -6*d(j) + 5*k(j). Give l(0).
-3
Let g(i) be the third derivative of i**5/60 + i**4/3 + i**3/3 + 7*i**2. Let j be g(-8). Let n(z) = -z**2 - z. Determine n(j).
-6
Let t(v) = 2*v**2 + 4*v + 4. Suppose -4*c - z - 32 = 3*z, -1 = 2*c - z. Give t(c).
10
Suppose 4*d = -o + 56, 3*d = -2*o - o + 51. Suppose 0 = -5*i + 7 + d. Let b(p) = -p**2 + 10*p + 4. Let y(g) = -g - 1. Let w(r) = b(r) + 5*y(r). What is w(i)?
3
Let x(b) = b**3 + b**2 + 6. Let f = 3 - 2. Suppose p - f = 6. Suppose 0 = -p*w + 3*w. What is x(w)?
6
Let n(i) be the first derivative of -2*i - 1 - 2*i**2 + 1/3*i**3 + 1/4*i**4. Determine n(-3).
-8
Let u = -16 + 10. Let h(a) = -a**2 + a + 14. Let d(t) = t**2 + t**2 - 3*t - 20 - 16 + 7. Let n(m) = 6*d(m) + 13*h(m). What is n(u)?
2
Let l(r) = -r**3 + 4*r**2 + 3*r + 7. Let j(q) = q. Let p(w) = -2*j(w) - l(w). Determine p(5).
-7
Let b(g) = 3*g**3 - 2*g**2 + 1. Let k be b(1). Let s = k + -2. Let i(r) be the second derivative of -r**4/12 - r**3/6 - 5*r**2/2 - 29*r. Determine i(s).
-5
Suppose -6 + 6 = -11*w. Let n(g) = g**2 - 9. Give n(w).
-9
Let l(s) = 5*s - 3*s - 3*s + 2. Let i be l(-4). Let x(k) = -2*k - 1. Give x(i).
-13
Let d(i) = 1 + 6*i**2 - 2*i**2 - i**2 + 0*i**3 - i**3 + i. Let k = -6 - -9. What is d(k)?
4
Let u(n) = -n - 1. Suppose -q - 2*q + 9 = 0. Suppose -5*r + 7 = -q. Suppose r = -2*l + l. Give u(l).
1
Let t(h) = 17*h + 5. Let z(a) = 2*a - 1 - 6*a - 5*a + 5*a. Let d(k) = 2*t(k) + 9*z(k). Give d(5).
-9
Suppose -5*v - 10 = 4*c, 4*v + 4*c + 16 = 4. Let d(o) be the second derivative of -o - 2/3*o**3 + 3/2*o**v - 1/12*o**4 + 0. Calculate d(-4).
3
Suppose -4*p + 12 = -4*v, 5*v + 11 = v + 3*p. Let s(r) = 2*r**3 + 2*r**2 - 2. Determine s(v).
-10
